{"id":665,"date":"2016-10-03T12:42:24","date_gmt":"2016-10-03T12:42:24","guid":{"rendered":"http:\/\/griegc.com\/ca\/?page_id=665"},"modified":"2016-10-03T12:42:24","modified_gmt":"2016-10-03T12:42:24","slug":"estudi","status":"publish","type":"page","link":"https:\/\/griegc.com\/ca\/estudi\/","title":{"rendered":"Estudi"},"content":{"rendered":"<section class=\"wpb-content-wrapper\"><p>[vc_row row_type=&#8221;row&#8221; use_row_as_full_screen_section=&#8221;no&#8221; type=&#8221;grid&#8221; angled_section=&#8221;no&#8221; text_align=&#8221;left&#8221; background_image_as_pattern=&#8221;without_pattern&#8221; css_animation=&#8221;&#8221;][vc_column][vc_column_text]<\/p>\n<h4 style=\"text-align: center;\"><span style=\"color: #000000;\">L&#8217;estudi \u00e9s el nostre m\u00e8tode de treball principal \u00a0necessari de cara a tots els serveis.<\/span><\/h4>\n<p>[\/vc_column_text][vc_separator type=&#8221;transparent&#8221; thickness=&#8221;10&#8243;][vc_column_text]<\/p>\n<h5 style=\"text-align: center;\">Destaquem:<\/h5>\n<p>[\/vc_column_text][vc_separator type=&#8221;small&#8221; position=&#8221;center&#8221; color=&#8221;#c09f58&#8243; thickness=&#8221;3&#8243;][vc_column_text]<\/p>\n<p style=\"text-align: center;\"><em><span style=\"color: #000000;\">Projectes d&#8217;investigaci\u00f3 hist\u00f2rica, cient\u00edfica i t\u00e8cnica.<\/span><\/em><\/p>\n<p style=\"text-align: center;\"><em><span style=\"color: #000000;\">Recerca documental.<\/span><\/em><\/p>\n<p style=\"text-align: center;\"><em><span style=\"color: #000000;\">Publicaci\u00f3 d&#8217;articles, llibres, material did\u00e0ctic, etc.<\/span><\/em><\/p>\n<p>[\/vc_column_text][vc_separator type=&#8221;transparent&#8221; thickness=&#8221;10&#8243;][\/vc_column][\/vc_row][vc_row row_type=&#8221;row&#8221; use_row_as_full_screen_section=&#8221;yes&#8221; type=&#8221;full_width&#8221; angled_section=&#8221;no&#8221; text_align=&#8221;left&#8221; background_image_as_pattern=&#8221;without_pattern&#8221; background_color=&#8221;#ededed&#8221; padding_top=&#8221;18&#8243; padding_bottom=&#8221;18&#8243; css_animation=&#8221;&#8221;][vc_column width=&#8221;1\/2&#8243;][vc_column_text]<\/p>\n<p style=\"text-align: justify;\"><span style=\"color: #000000;\">Les nostres l\u00ednies d&#8217;nvestigaci\u00f3 s\u00f3n pluridisciplinars, fet que garantitza una gran quantitat de punts de vista per afavorir el correcte desenvolupament de la nostra tasca.<\/span><\/p>\n<p>[\/vc_column_text][vc_separator type=&#8221;transparent&#8221; thickness=&#8221;10&#8243;][vc_column_text]<\/p>\n<p style=\"text-align: center;\"><span style=\"color: #000000;\"><strong>Article\u00a0a la revista S\u00c0PIENS<\/strong><\/span><\/p>\n<p>&nbsp;<\/p>\n<p style=\"text-align: justify;\"><span style=\"color: #000000;\">Participaci\u00f3\u00a0i\u00a0cessi\u00f3 d&#8217;informaci\u00f3 en l&#8217;el\u00b7laboraci\u00f3 de l&#8217;article \u201cEl pla B de Franco\u201d, portada de Maig de 2015 a la Revista S\u00e0piens (n\u00fam. 155).\u00a0<\/span><span style=\"color: #000000;\"><em>Abril 2015. Adri\u00e1n Cabezas S\u00e1nchez.<\/em><\/span><\/p>\n<p>[\/vc_column_text][\/vc_column][vc_column width=&#8221;1\/2&#8243;][vc_single_image image=&#8221;505&#8243; img_size=&#8221;full&#8221; alignment=&#8221;center&#8221; qode_css_animation=&#8221;&#8221;][\/vc_column][\/vc_row]<\/p>\n<\/section>","protected":false},"excerpt":{"rendered":"<p>[vc_row row_type=&#8221;row&#8221; use_row_as_full_screen_section=&#8221;no&#8221; type=&#8221;grid&#8221; angled_section=&#8221;no&#8221; text_align=&#8221;left&#8221; background_image_as_pattern=&#8221;without_pattern&#8221; css_animation=&#8221;&#8221;][vc_column][vc_column_text] L&#8217;estudi \u00e9s el nostre m\u00e8tode de treball principal \u00a0necessari de cara a tots els serveis. [\/vc_column_text][vc_separator type=&#8221;transparent&#8221; thickness=&#8221;10&#8243;][vc_column_text] Destaquem: [\/vc_column_text][vc_separator type=&#8221;small&#8221; position=&#8221;center&#8221; color=&#8221;#c09f58&#8243; thickness=&#8221;3&#8243;][vc_column_text] Projectes d&#8217;investigaci\u00f3 hist\u00f2rica, cient\u00edfica i t\u00e8cnica. Recerca documental. Publicaci\u00f3 d&#8217;articles, llibres, material did\u00e0ctic,&#8230;<\/p>\n","protected":false},"author":1,"featured_media":0,"parent":0,"menu_order":0,"comment_status":"closed","ping_status":"closed","template":"","meta":{"footnotes":""},"class_list":["post-665","page","type-page","status-publish","hentry"],"jetpack_sharing_enabled":true,"_links":{"self":[{"href":"https:\/\/griegc.com\/ca\/wp-json\/wp\/v2\/pages\/665","targetHints":{"allow":["GET"]}}],"collection":[{"href":"https:\/\/griegc.com\/ca\/wp-json\/wp\/v2\/pages"}],"about":[{"href":"https:\/\/griegc.com\/ca\/wp-json\/wp\/v2\/types\/page"}],"author":[{"embeddable":true,"href":"https:\/\/griegc.com\/ca\/wp-json\/wp\/v2\/users\/1"}],"replies":[{"embeddable":true,"href":"https:\/\/griegc.com\/ca\/wp-json\/wp\/v2\/comments?post=665"}],"version-history":[{"count":1,"href":"https:\/\/griegc.com\/ca\/wp-json\/wp\/v2\/pages\/665\/revisions"}],"predecessor-version":[{"id":666,"href":"https:\/\/griegc.com\/ca\/wp-json\/wp\/v2\/pages\/665\/revisions\/666"}],"wp:attachment":[{"href":"https:\/\/griegc.com\/ca\/wp-json\/wp\/v2\/media?parent=665"}],"curies":[{"name":"wp","href":"https:\/\/api.w.org\/{rel}","templated":true}]}}

<section class="wpb-content-wrapper"><p>[vc_row row_type=&#8221;row&#8221; use_row_as_full_screen_section=&#8221;no&#8221; type=&#8221;grid&#8221; angled_section=&#8221;no&#8221; text_align=&#8221;left&#8221; background_image_as_pattern=&#8221;without_pattern&#8221; css_animation=&#8221;&#8221;][vc_column][vc_column_text]</p>
<h4 style="text-align: center;"><span style="color: #000000;">L&#8217;estudi és el nostre mètode de treball principal  necessari de cara a tots els serveis.</span></h4>
<p>[/vc_column_text][vc_separator type=&#8221;transparent&#8221; thickness=&#8221;10&#8243;][vc_column_text]</p>
<h5 style="text-align: center;">Destaquem:</h5>
<p>[/vc_column_text][vc_separator type=&#8221;small&#8221; position=&#8221;center&#8221; color=&#8221;#c09f58&#8243; thickness=&#8221;3&#8243;][vc_column_text]</p>
<p style="text-align: center;"><em><span style="color: #000000;">Projectes d&#8217;investigació històrica, científica i tècnica.</span></em></p>
<p style="text-align: center;"><em><span style="color: #000000;">Recerca documental.</span></em></p>
<p style="text-align: center;"><em><span style="color: #000000;">Publicació d&#8217;articles, llibres, material didàctic, etc.</span></em></p>
<p>[/vc_column_text][vc_separator type=&#8221;transparent&#8221; thickness=&#8221;10&#8243;][/vc_column][/vc_row][vc_row row_type=&#8221;row&#8221; use_row_as_full_screen_section=&#8221;yes&#8221; type=&#8221;full_width&#8221; angled_section=&#8221;no&#8221; text_align=&#8221;left&#8221; background_image_as_pattern=&#8221;without_pattern&#8221; background_color=&#8221;#ededed&#8221; padding_top=&#8221;18&#8243; padding_bottom=&#8221;18&#8243; css_animation=&#8221;&#8221;][vc_column width=&#8221;1/2&#8243;][vc_column_text]</p>
<p style="text-align: justify;"><span style="color: #000000;">Les nostres línies d&#8217;nvestigació són pluridisciplinars, fet que garantitza una gran quantitat de punts de vista per afavorir el correcte desenvolupament de la nostra tasca.</span></p>
<p>[/vc_column_text][vc_separator type=&#8221;transparent&#8221; thickness=&#8221;10&#8243;][vc_column_text]</p>
<p style="text-align: center;"><span style="color: #000000;"><strong>Article a la revista SÀPIENS</strong></span></p>
<p>&nbsp;</p>
<p style="text-align: justify;"><span style="color: #000000;">Participació i cessió d&#8217;informació en l&#8217;el·laboració de l&#8217;article “El pla B de Franco”, portada de Maig de 2015 a la Revista Sàpiens (núm. 155). </span><span style="color: #000000;"><em>Abril 2015. Adrián Cabezas Sánchez.</em></span></p>
<p>[/vc_column_text][/vc_column][vc_column width=&#8221;1/2&#8243;][vc_single_image image=&#8221;505&#8243; img_size=&#8221;full&#8221; alignment=&#8221;center&#8221; qode_css_animation=&#8221;&#8221;][/vc_column][/vc_row]</p>
</section>

<p>[vc_row row_type=&#8221;row&#8221; use_row_as_full_screen_section=&#8221;no&#8221; type=&#8221;grid&#8221; angled_section=&#8221;no&#8221; text_align=&#8221;left&#8221; background_image_as_pattern=&#8221;without_pattern&#8221; css_animation=&#8221;&#8221;][vc_column][vc_column_text] L&#8217;estudi és el nostre mètode de treball principal  necessari de cara a tots els serveis. [/vc_column_text][vc_separator type=&#8221;transparent&#8221; thickness=&#8221;10&#8243;][vc_column_text] Destaquem: [/vc_column_text][vc_separator type=&#8221;small&#8221; position=&#8221;center&#8221; color=&#8221;#c09f58&#8243; thickness=&#8221;3&#8243;][vc_column_text] Projectes d&#8217;investigació històrica, científica i tècnica. Recerca documental. Publicació d&#8217;articles, llibres, material didàctic,&#8230;</p>
