{"id":672,"date":"2016-10-04T07:43:05","date_gmt":"2016-10-04T07:43:05","guid":{"rendered":"http:\/\/griegc.com\/ca\/?page_id=672"},"modified":"2019-11-14T18:21:54","modified_gmt":"2019-11-14T18:21:54","slug":"griegc","status":"publish","type":"page","link":"https:\/\/griegc.com\/ca\/griegc\/","title":{"rendered":"GRIEGC"},"content":{"rendered":"<section class=\"wpb-content-wrapper\"><p>[vc_row row_type=&#8221;row&#8221; use_row_as_full_screen_section=&#8221;no&#8221; type=&#8221;full_width&#8221; angled_section=&#8221;no&#8221; text_align=&#8221;left&#8221; background_image_as_pattern=&#8221;without_pattern&#8221; css_animation=&#8221;&#8221;][vc_column width=&#8221;1\/6&#8243;][\/vc_column][vc_column width=&#8221;2\/3&#8243;][vc_column_text]<\/p>\n<p style=\"text-align: justify;\"><span style=\"color: #000000;\">GRIEGC neix l&#8217;any\u00a02014, coincidint amb\u00a0el 75\u00e8 aniversari del final de la Guerra Civil. \u00c9s un projecte d&#8217;equip\u00a0que t\u00e9 la missi\u00f3 de recuperar, estudiar i catalogar el patrimoni cultural i social d&#8217;un dels conflictes m\u00e9s rellevants que van succe\u00efr al segle\u00a0XX a nivell europeu i\u00a0el m\u00e9s important a nivell nacional: la Guerra Civil Espanyola.<\/span><\/p>\n<p style=\"text-align: justify;\"><span style=\"color: #000000;\">Les activitats que es duen a terme s\u00f3n, sobretot, d&#8217;estudi, investigaci\u00f3 i catalogaci\u00f3 de tot tipus de restes patrimonials, no nom\u00e9s ubicades\u00a0en el marc de la Guerra Civil, tot i que aquestes ocupen la major part de la nostra cartera. Tots els projectes en els que intervenim estan vessats a l&#8217;estudi\u00a0i preservaci\u00f3\u00a0del patrimoni, i donar-li un tracte d&#8217;acord\u00a0amb el seu entorn paisatg\u00edstic, social i cultural, apostant aix\u00ed per\u00a0una oferta tur\u00edstica local de qualitat;\u00a0realitzant-se\u00a0per mitj\u00e0 d&#8217;actuacions\u00a0f\u00edsiques\u00a0sobre el patrimoni i a trav\u00e9s d&#8217;una tasca\u00a0educativa per mitj\u00e0 de confer\u00e8ncies, visites guiades i articles en revistes cient\u00edfiques i de car\u00e0cter docent.<\/span><\/p>\n<p style=\"text-align: justify;\"><span style=\"color: #000000;\">Aix\u00ed mateix, tamb\u00e9 oferim serveis\u00a0en \u00e0mbits de recuperaci\u00f3, gesti\u00f3, assessorament, difusi\u00f3 i organitzaci\u00f3 d&#8217;actes que giren al voltant del patrimoni estudiat.<\/span><\/p>\n<p>[\/vc_column_text][vc_separator type=&#8221;transparent&#8221; thickness=&#8221;10&#8243;][vc_separator type=&#8221;transparent&#8221; thickness=&#8221;10&#8243;][vc_single_image image=&#8221;1386&#8243; img_size=&#8221;full&#8221; alignment=&#8221;center&#8221; qode_css_animation=&#8221;&#8221;][vc_separator type=&#8221;transparent&#8221; thickness=&#8221;10&#8243;][\/vc_column][vc_column width=&#8221;1\/6&#8243;][\/vc_column][\/vc_row]<\/p>\n<\/section>","protected":false},"excerpt":{"rendered":"<p>[vc_row row_type=&#8221;row&#8221; use_row_as_full_screen_section=&#8221;no&#8221; type=&#8221;full_width&#8221; angled_section=&#8221;no&#8221; text_align=&#8221;left&#8221; background_image_as_pattern=&#8221;without_pattern&#8221; css_animation=&#8221;&#8221;][vc_column width=&#8221;1\/6&#8243;][\/vc_column][vc_column width=&#8221;2\/3&#8243;][vc_column_text] GRIEGC neix l&#8217;any\u00a02014, coincidint amb\u00a0el 75\u00e8 aniversari del final de la Guerra Civil. \u00c9s un projecte d&#8217;equip\u00a0que t\u00e9 la missi\u00f3 de recuperar, estudiar i catalogar el patrimoni cultural i social d&#8217;un dels conflictes m\u00e9s rellevants&#8230;<\/p>\n","protected":false},"author":1,"featured_media":0,"parent":0,"menu_order":0,"comment_status":"closed","ping_status":"closed","template":"","meta":{"footnotes":""},"class_list":["post-672","page","type-page","status-publish","hentry"],"jetpack_sharing_enabled":true,"_links":{"self":[{"href":"https:\/\/griegc.com\/ca\/wp-json\/wp\/v2\/pages\/672","targetHints":{"allow":["GET"]}}],"collection":[{"href":"https:\/\/griegc.com\/ca\/wp-json\/wp\/v2\/pages"}],"about":[{"href":"https:\/\/griegc.com\/ca\/wp-json\/wp\/v2\/types\/page"}],"author":[{"embeddable":true,"href":"https:\/\/griegc.com\/ca\/wp-json\/wp\/v2\/users\/1"}],"replies":[{"embeddable":true,"href":"https:\/\/griegc.com\/ca\/wp-json\/wp\/v2\/comments?post=672"}],"version-history":[{"count":4,"href":"https:\/\/griegc.com\/ca\/wp-json\/wp\/v2\/pages\/672\/revisions"}],"predecessor-version":[{"id":3454,"href":"https:\/\/griegc.com\/ca\/wp-json\/wp\/v2\/pages\/672\/revisions\/3454"}],"wp:attachment":[{"href":"https:\/\/griegc.com\/ca\/wp-json\/wp\/v2\/media?parent=672"}],"curies":[{"name":"wp","href":"https:\/\/api.w.org\/{rel}","templated":true}]}}

<section class="wpb-content-wrapper"><p>[vc_row row_type=&#8221;row&#8221; use_row_as_full_screen_section=&#8221;no&#8221; type=&#8221;full_width&#8221; angled_section=&#8221;no&#8221; text_align=&#8221;left&#8221; background_image_as_pattern=&#8221;without_pattern&#8221; css_animation=&#8221;&#8221;][vc_column width=&#8221;1/6&#8243;][/vc_column][vc_column width=&#8221;2/3&#8243;][vc_column_text]</p>
<p style="text-align: justify;"><span style="color: #000000;">GRIEGC neix l&#8217;any 2014, coincidint amb el 75è aniversari del final de la Guerra Civil. És un projecte d&#8217;equip que té la missió de recuperar, estudiar i catalogar el patrimoni cultural i social d&#8217;un dels conflictes més rellevants que van succeïr al segle XX a nivell europeu i el més important a nivell nacional: la Guerra Civil Espanyola.</span></p>
<p style="text-align: justify;"><span style="color: #000000;">Les activitats que es duen a terme són, sobretot, d&#8217;estudi, investigació i catalogació de tot tipus de restes patrimonials, no només ubicades en el marc de la Guerra Civil, tot i que aquestes ocupen la major part de la nostra cartera. Tots els projectes en els que intervenim estan vessats a l&#8217;estudi i preservació del patrimoni, i donar-li un tracte d&#8217;acord amb el seu entorn paisatgístic, social i cultural, apostant així per una oferta turística local de qualitat; realitzant-se per mitjà d&#8217;actuacions físiques sobre el patrimoni i a través d&#8217;una tasca educativa per mitjà de conferències, visites guiades i articles en revistes científiques i de caràcter docent.</span></p>
<p style="text-align: justify;"><span style="color: #000000;">Així mateix, també oferim serveis en àmbits de recuperació, gestió, assessorament, difusió i organització d&#8217;actes que giren al voltant del patrimoni estudiat.</span></p>
<p>[/vc_column_text][vc_separator type=&#8221;transparent&#8221; thickness=&#8221;10&#8243;][vc_separator type=&#8221;transparent&#8221; thickness=&#8221;10&#8243;][vc_single_image image=&#8221;1386&#8243; img_size=&#8221;full&#8221; alignment=&#8221;center&#8221; qode_css_animation=&#8221;&#8221;][vc_separator type=&#8221;transparent&#8221; thickness=&#8221;10&#8243;][/vc_column][vc_column width=&#8221;1/6&#8243;][/vc_column][/vc_row]</p>
</section>

<p>[vc_row row_type=&#8221;row&#8221; use_row_as_full_screen_section=&#8221;no&#8221; type=&#8221;full_width&#8221; angled_section=&#8221;no&#8221; text_align=&#8221;left&#8221; background_image_as_pattern=&#8221;without_pattern&#8221; css_animation=&#8221;&#8221;][vc_column width=&#8221;1/6&#8243;][/vc_column][vc_column width=&#8221;2/3&#8243;][vc_column_text] GRIEGC neix l&#8217;any 2014, coincidint amb el 75è aniversari del final de la Guerra Civil. És un projecte d&#8217;equip que té la missió de recuperar, estudiar i catalogar el patrimoni cultural i social d&#8217;un dels conflictes més rellevants&#8230;</p>
