{"id":686,"date":"2016-10-04T08:17:00","date_gmt":"2016-10-04T08:17:00","guid":{"rendered":"http:\/\/griegc.com\/ca\/?page_id=686"},"modified":"2016-10-04T08:17:00","modified_gmt":"2016-10-04T08:17:00","slug":"miriam-del-castillo","status":"publish","type":"page","link":"https:\/\/griegc.com\/ca\/miriam-del-castillo\/","title":{"rendered":"Miriam del Castillo"},"content":{"rendered":"<section class=\"wpb-content-wrapper\"><p>[vc_row row_type=&#8221;row&#8221; use_row_as_full_screen_section=&#8221;no&#8221; type=&#8221;grid&#8221; angled_section=&#8221;no&#8221; text_align=&#8221;left&#8221; background_image_as_pattern=&#8221;without_pattern&#8221; css_animation=&#8221;&#8221;][vc_column][vc_column_text]<\/p>\n<h3 style=\"text-align: center;\">1987. Arquitecta per l&#8217;Escola d\u2019Arquitectes de Reus<\/h3>\n<p>[\/vc_column_text][vc_separator type=&#8221;transparent&#8221; thickness=&#8221;10&#8243;][vc_column_text]<\/p>\n<p style=\"text-align: justify;\">Documentaci\u00f3 gr\u00e0fica i actuacions sobre patrimonio i paisatge.\u00a0Llicenciada en Arquitectura per la Universitat Rovira i Virgili. Estudiant del M\u00e0ster Arquitectura del Paisatge a la RMIT de Melbourne.<\/p>\n<p>[\/vc_column_text][vc_separator type=&#8221;transparent&#8221; thickness=&#8221;10&#8243;][vc_single_image image=&#8221;437&#8243; img_size=&#8221;full&#8221; alignment=&#8221;center&#8221; qode_css_animation=&#8221;&#8221;][vc_separator type=&#8221;transparent&#8221; thickness=&#8221;12&#8243;][vc_separator type=&#8221;transparent&#8221; thickness=&#8221;12&#8243;][vc_column_text]<\/p>\n<h4 style=\"text-align: center;\">Experi\u00e8ncia<\/h4>\n<p>[\/vc_column_text][vc_separator type=&#8221;small&#8221; position=&#8221;center&#8221; color=&#8221;#9d8643&#8243;][vc_separator type=&#8221;transparent&#8221; thickness=&#8221;12&#8243;][\/vc_column][\/vc_row][vc_row row_type=&#8221;row&#8221; use_row_as_full_screen_section=&#8221;no&#8221; type=&#8221;grid&#8221; angled_section=&#8221;no&#8221; text_align=&#8221;left&#8221; background_image_as_pattern=&#8221;without_pattern&#8221; css_animation=&#8221;&#8221;][vc_column width=&#8221;1\/2&#8243;][vc_column_text]<\/p>\n<ul>\n<li style=\"text-align: justify;\">Pon\u00e8ncia sobre el Pla Especial de Protecci\u00f3 de les restes de la defensa republicana del Coll de Balaguer, celebrada durant les III Jornades de GEFREMA a Madrid. Novembre 2014.<\/li>\n<li style=\"text-align: justify;\">Aixecaments d&#8217;edificis hist\u00f2rics i posterior delineaci\u00f3 dels projectes de rehabilitaci\u00f3 amb l&#8217;arquitecte en cap\u00a0de l&#8217;Arquebisbat de Tarragona, Joaquim Villar i Sainz. Gener\u00a02008 \u2013 Setembre 2014.<\/li>\n<\/ul>\n<p>[\/vc_column_text][vc_separator type=&#8221;transparent&#8221; thickness=&#8221;10&#8243;][\/vc_column][vc_column width=&#8221;1\/2&#8243;][vc_column_text]<\/p>\n<ul>\n<li style=\"text-align: justify;\">Redacci\u00f3 de licitacions i pressupuestos d&#8217;obra com a estudiant en pr\u00e0ctiques en l&#8217;empresa constructora COASA gr\u00e0cies a les Beques CRUE-CEPYME del Banc Santander Hispano. Juny 2012\u2013 Setembre 2012.<\/li>\n<li style=\"text-align: justify;\">Delineant en l&#8217;empresa arqueol\u00f2gica CODEX. Estius\u00a0del 2006 i 2007.<\/li>\n<\/ul>\n<p>[\/vc_column_text][\/vc_column][\/vc_row]<\/p>\n<\/section>","protected":false},"excerpt":{"rendered":"<p>[vc_row row_type=&#8221;row&#8221; use_row_as_full_screen_section=&#8221;no&#8221; type=&#8221;grid&#8221; angled_section=&#8221;no&#8221; text_align=&#8221;left&#8221; background_image_as_pattern=&#8221;without_pattern&#8221; css_animation=&#8221;&#8221;][vc_column][vc_column_text] 1987. Arquitecta per l&#8217;Escola d\u2019Arquitectes de Reus [\/vc_column_text][vc_separator type=&#8221;transparent&#8221; thickness=&#8221;10&#8243;][vc_column_text] Documentaci\u00f3 gr\u00e0fica i actuacions sobre patrimonio i paisatge.\u00a0Llicenciada en Arquitectura per la Universitat Rovira i Virgili. Estudiant del M\u00e0ster Arquitectura del Paisatge a la RMIT de Melbourne&#8230;.<\/p>\n","protected":false},"author":1,"featured_media":0,"parent":0,"menu_order":0,"comment_status":"closed","ping_status":"closed","template":"","meta":{"footnotes":""},"class_list":["post-686","page","type-page","status-publish","hentry"],"jetpack_sharing_enabled":true,"_links":{"self":[{"href":"https:\/\/griegc.com\/ca\/wp-json\/wp\/v2\/pages\/686","targetHints":{"allow":["GET"]}}],"collection":[{"href":"https:\/\/griegc.com\/ca\/wp-json\/wp\/v2\/pages"}],"about":[{"href":"https:\/\/griegc.com\/ca\/wp-json\/wp\/v2\/types\/page"}],"author":[{"embeddable":true,"href":"https:\/\/griegc.com\/ca\/wp-json\/wp\/v2\/users\/1"}],"replies":[{"embeddable":true,"href":"https:\/\/griegc.com\/ca\/wp-json\/wp\/v2\/comments?post=686"}],"version-history":[{"count":1,"href":"https:\/\/griegc.com\/ca\/wp-json\/wp\/v2\/pages\/686\/revisions"}],"predecessor-version":[{"id":687,"href":"https:\/\/griegc.com\/ca\/wp-json\/wp\/v2\/pages\/686\/revisions\/687"}],"wp:attachment":[{"href":"https:\/\/griegc.com\/ca\/wp-json\/wp\/v2\/media?parent=686"}],"curies":[{"name":"wp","href":"https:\/\/api.w.org\/{rel}","templated":true}]}}

<section class="wpb-content-wrapper"><p>[vc_row row_type=&#8221;row&#8221; use_row_as_full_screen_section=&#8221;no&#8221; type=&#8221;grid&#8221; angled_section=&#8221;no&#8221; text_align=&#8221;left&#8221; background_image_as_pattern=&#8221;without_pattern&#8221; css_animation=&#8221;&#8221;][vc_column][vc_column_text]</p>
<h3 style="text-align: center;">1987. Arquitecta per l&#8217;Escola d’Arquitectes de Reus</h3>
<p>[/vc_column_text][vc_separator type=&#8221;transparent&#8221; thickness=&#8221;10&#8243;][vc_column_text]</p>
<p style="text-align: justify;">Documentació gràfica i actuacions sobre patrimonio i paisatge. Llicenciada en Arquitectura per la Universitat Rovira i Virgili. Estudiant del Màster Arquitectura del Paisatge a la RMIT de Melbourne.</p>
<p>[/vc_column_text][vc_separator type=&#8221;transparent&#8221; thickness=&#8221;10&#8243;][vc_single_image image=&#8221;437&#8243; img_size=&#8221;full&#8221; alignment=&#8221;center&#8221; qode_css_animation=&#8221;&#8221;][vc_separator type=&#8221;transparent&#8221; thickness=&#8221;12&#8243;][vc_separator type=&#8221;transparent&#8221; thickness=&#8221;12&#8243;][vc_column_text]</p>
<h4 style="text-align: center;">Experiència</h4>
<p>[/vc_column_text][vc_separator type=&#8221;small&#8221; position=&#8221;center&#8221; color=&#8221;#9d8643&#8243;][vc_separator type=&#8221;transparent&#8221; thickness=&#8221;12&#8243;][/vc_column][/vc_row][vc_row row_type=&#8221;row&#8221; use_row_as_full_screen_section=&#8221;no&#8221; type=&#8221;grid&#8221; angled_section=&#8221;no&#8221; text_align=&#8221;left&#8221; background_image_as_pattern=&#8221;without_pattern&#8221; css_animation=&#8221;&#8221;][vc_column width=&#8221;1/2&#8243;][vc_column_text]</p>
<ul>
<li style="text-align: justify;">Ponència sobre el Pla Especial de Protecció de les restes de la defensa republicana del Coll de Balaguer, celebrada durant les III Jornades de GEFREMA a Madrid. Novembre 2014.</li>
<li style="text-align: justify;">Aixecaments d&#8217;edificis històrics i posterior delineació dels projectes de rehabilitació amb l&#8217;arquitecte en cap de l&#8217;Arquebisbat de Tarragona, Joaquim Villar i Sainz. Gener 2008 – Setembre 2014.</li>
</ul>
<p>[/vc_column_text][vc_separator type=&#8221;transparent&#8221; thickness=&#8221;10&#8243;][/vc_column][vc_column width=&#8221;1/2&#8243;][vc_column_text]</p>
<ul>
<li style="text-align: justify;">Redacció de licitacions i pressupuestos d&#8217;obra com a estudiant en pràctiques en l&#8217;empresa constructora COASA gràcies a les Beques CRUE-CEPYME del Banc Santander Hispano. Juny 2012– Setembre 2012.</li>
<li style="text-align: justify;">Delineant en l&#8217;empresa arqueològica CODEX. Estius del 2006 i 2007.</li>
</ul>
<p>[/vc_column_text][/vc_column][/vc_row]</p>
</section>

<p>[vc_row row_type=&#8221;row&#8221; use_row_as_full_screen_section=&#8221;no&#8221; type=&#8221;grid&#8221; angled_section=&#8221;no&#8221; text_align=&#8221;left&#8221; background_image_as_pattern=&#8221;without_pattern&#8221; css_animation=&#8221;&#8221;][vc_column][vc_column_text] 1987. Arquitecta per l&#8217;Escola d’Arquitectes de Reus [/vc_column_text][vc_separator type=&#8221;transparent&#8221; thickness=&#8221;10&#8243;][vc_column_text] Documentació gràfica i actuacions sobre patrimonio i paisatge. Llicenciada en Arquitectura per la Universitat Rovira i Virgili. Estudiant del Màster Arquitectura del Paisatge a la RMIT de Melbourne&#8230;.</p>
